 3*h - 79, 0 = o + h - 24. Calculate the remainder when o is divided by f.
12
Suppose -4*f + 30 = 5*k, -4*k + 2*f - 6*f + 24 = 0. Let q be k/(-27) - 292/(-18). Let p = q + -8. What is the remainder when p is divided by 5?
3
Let v(d) = -2*d + 2. Let o be v(4). Let l = o - -36. What is the remainder when l is divided by 11?
8
Let x(a) = 6*a**2 - a - 2. What is the remainder when 96 is divided by x(2)?
16
Let r be -3*(3 - 2) + 9. Suppose r*l - 56 = 2*l. What is the remainder when 26 is divided by l?
12
What is the remainder when 36 is divided by 8/(-28) - (-58)/7?
4
Let p(h) be the first derivative of -h**3/3 + 9*h**2/2 - 4*h + 2. Let j = -40 + 59. What is the remainder when j is divided by p(7)?
9
Let r(d) = d + 0*d**2 + 2*d**3 + 4*d**2 + 3*d**2 - d**3 - 2. Let x = 5 + 3. What is the remainder when r(-3) is divided by x?
7
Suppose -7*j + 278 = -30. What is the remainder when 85 is divided by j?
41
Suppose 5*u - 96 = u. Suppose -4*b - 5 + 21 = 4*g, -5*b = -5*g - 10. Suppose 9*q - 4*q + 15 = 0, b*q = -3*l + u. Calculate the remainder when l is divided by 4.
3
Suppose -8*i + 540 = i. Let t = -7 + 28. Calculate the remainder when i is divided by t.
18
Calculate the remainder when (75/(-15))/((-2)/4) is divided by 3.
1
Suppose -10 = -4*r + 30. Suppose 0 = -6*q + r*q - 64. Suppose 0 = -3*n - 2*u + 81, 2*u + q = n - 11. Calculate the remainder when n is divided by 14.
13
Let t(f) be the third derivative of -f**6/120 - f**5/30 - f**4/6 - f**3/2 + f**2. Let x = -17 + 14. Calculate the remainder when 35 is divided by t(x).
17
Let j(l) = -l**3 + 11*l**2 - 3*l - 5. What is the remainder when j(7) is divided by 59?
52
Suppose 3 = 3*x, 5*x = 5*n - 0*n - 305. Let a = -9 - -16. Let r = 28 - a. What is the remainder when n is divided by r?
20
Suppose 2*m + 92 = 3*k, -2*m + 0 = 2. Calculate the remainder when 57 is divided by k.
27
Let s = -38 + 105. What is the remainder when s is divided by 17?
16
Suppose -4*h + 3*o + 163 = 0, -h - 3*o = -0*h - 22. What is the remainder when h is divided by 75/10*12/9?
7
Let n(q) = q**2 + 8*q - 1. Calculate the remainder when n(-10) is divided by 10.
9
Let y(n) = 2*n**2. Let m be y(-1). Suppose -m*d = -3 - 5, 0 = -k - 4*d + 35. Calculate the remainder when k is divided by 7.
5
Let c = -29 - -48. What is the remainder when c is divided by 13?
6
Suppose r = -r + 26. Suppose 2*k - 19 - 14 = -5*f, -3*k + 17 = f. Calculate the remainder when r is divided by f.
3
Let l be 2 - (2 - 3)*2. Suppose -5*m - 2*f + 156 = 0, -3*m + l*m - 45 = -5*f. What is the remainder when 119 is divided by m?
29
Let a(p) = -p + 8. Let f be a(4). Suppose 17 - 2 = x. Calculate the remainder when x is divided by (-27)/(-2)*f/6.
6
Suppose w - 25 = -v, -v = -4*v + 3*w + 69. Suppose -5*u = -h + 2*h - 60, 3*u + 2*h = 29. Calculate the remainder when v is divided by u.
11
Let c(q) be the second derivative of -q**3/6 + 4*q**2 - 7*q. What is the remainder when c(0) is divided by 6?
2
Suppose -3*t + 4*x = -146, -3*x - 236 = -5*t - 0*x. Suppose -5*g - 5*r + 50 + 0 = 0, -r = 5*g - t. Calculate the remainder when g is divided by 5.
4
Calculate the remainder when 112 is divided by 1735/75 - (-2 + 32/15).
20
Let y = -15 - -10. Let m be -10 - y/(5/2). Let j = -1 - m. Calculate the remainder when j is divided by 3.
1
Suppose -2*d + 1 = -13. Suppose 5*w + 53 = 3*n, 64 = d*n - 3*n - 5*w. What is the remainder when n is divided by 6?
5
Let k(y) = y - 4. What is the remainder when 18 is divided by k(9)?
3
Let y(g) = -3*g + 2. Let p be y(-1). Let v = p + 16. Calculate the remainder when 39 is divided by v.
18
Let i = 16 + -23. Let q(o) = -o**2 - 10*o - 5. Calculate the remainder when 45 is divided by q(i).
13
Let l = 58 - 53. What is the remainder when 21 is divided by l?
1
Suppose 2*f + 3*f = 75. Calculate the remainder when (-870)/(-20) - (-1)/(-2) is divided by f.
13
Let s(q) = 6*q - 3. What is the remainder when s(2) is divided by 3?
0
Let o be 126/26 - 2/(-13). Let n(p) = 5*p + 4. Suppose 5*d + 55 = 3*x, 100 - 27 = 5*x + d. Calculate the remainder when n(o) is divided by x.
14
Suppose -6*o - 55 = -o. Calculate the remainder when 89 is divided by 2/o + 400/22.
17
Suppose -3 = 2*z + 1. Calculate the remainder when 3 + 2 - z/1 is divided by 4.
3
Calculate the remainder when ((345/6)/(-5))/(2/(-12)) is divided by 18.
15
Let u(a) = a**2 - 273. Let r be u(0). What is the remainder when (-2)/4 - r/6 is divided by 12?
9
Suppose -2*i = 3*i - 2*t - 149, -2*t = -4*i + 118. What is the remainder when 152 is divided by i?
28
Let d = 43 - 40. What is the remainder when d is divided by 2/2 - -4 - 2?
0
Calculate the remainder when 58 is divided by 14 + (5 - 4)*-2.
10
Suppose o + 3*o + 27 = 3*g, -o - 49 = -4*g. Calculate the remainder when g is divided by 8.
5
Let i(t) = t. Let s be i(2). Suppose 3*x - 2*v - 8 = 0, 2*x + s = 5*v - 11. What is the remainder when 10 + 2 + 0 + -2 is divided by x?
4
Suppose -3*m = -3*z - 18, 20 = -5*m - 3*z - 2*z. Let t(o) = 5*o**2 - o + 1. Let d be t(m). Let k = d + 5. What is the remainder when 28 is divided by k?
8
Suppose z - 26 = -z - r, 2*r - 4 = 0. Calculate the remainder when 45 is divided by z.
9
Suppose -2*d + 40 = 2*k, 0 = -3*d - 2*d + 2*k + 135. Calculate the remainder when 99 is divided by d.
24
Let n = -13 - -75. What is the remainder when n is divided by 13?
10
Let l(j) = -j - 37. Let o(x) = 2*x + 38. Let d(w) = -3*l(w) - 2*o(w). Calculate the remainder when d(0) is divided by 18.
17
Suppose 2*q - 174 = -5*s + 4*q, -172 = -5*s + q. Let f = 18 - 11. Calculate the remainder when s is divided by f.
6
Let x = 6 - 4. What is the remainder when (x/6)/((-14)/(-1638)) is divided by 204/21 - 4/(-14)?
9
Suppose -26 = -3*h + s + 72, -3*s - 129 = -4*h. Calculate the remainder when 97 is divided by h.
31
Let n(j) = -j - 2. Suppose 0 = -y - 2*y - 12. Calculate the remainder when 2 is divided by n(y).
0
Let j = 47 - 32. Calculate the remainder when 57 is divided by j.
12
Suppose s = 5*v - 177, -5*v + 3*v + s = -72. Let w(b) = -b**3 + 5*b**2 - 2*b + 1. Calculate the remainder when v is divided by w(4).
8
Suppose -5*p - 170 = -4*x - 0*x, -5*p = -2*x + 80. What is the remainder when x is divided by 26?
19
Let s(l) = 6*l**2 + l - 2. Let t be (2 - 1)*0/2. Suppose -24 = -4*b - 4*n + 36, t = 4*b - 2*n - 48. What is the remainder when b is divided by s(1)?
3
Let o(z) = 11*z - 2. Let s = 21 - 15. Let r = 8 + 14. Calculate the remainder when o(s) is divided by r.
20
Let q(u) = -u - 14. Let i be q(-6). What is the remainder when ((-5)/2)/(2/i) is divided by (-5)/((-10)/4) - -2?
2
Suppose -l - 133 = -5*k - 0*l, -2*k + 4*l + 64 = 0. Let v = -33 - -47. What is the remainder when k is divided by v?
12
Let x(f) = -f**3 - 3*f**2 + 6*f - 2. Suppose 0 = -5*j + 133 - 13. Calculate the remainder when x(-6) is divided by j.
22
Let n = 1 + 17. Let x(b) = -b - 1. Let w be x(-6). Let j = 0 + w. Calculate the remainder when n is divided by j.
3
Suppose -g = 4*j - 24, g + 3*g - 134 = 3*j. Calculate the remainder when g is divided by 18.
14
Suppose -33 + 7 = -2*s. Calculate the remainder when 63 is divided by s.
11
Let h be 7*(4/2 - 1). Let x = h + -4. Suppose -21 = -x*a + 21. What is the remainder when 41 is divided by a?
13
Let r be (10/4)/(1/(-12)). Let a be (-12)/r + (-66)/(-10). Suppose 0 = 2*s - 3 - a. What is the remainder when 14 is divided by s?
4
Suppose -16 = 3*o - 4*q, -3*o + q + 11 = -6*o. Let n = o + 22. Calculate the remainder when n is divided by 34/5 + (-2)/(-10).
4
Suppose 0 = -4*d + 261 + 231. Let s = -61 + d. Calculate the remainder when s is divided by 16.
14
Let p = -2 + 1. Let t be ((-6)/(-3))/(-2) - p. Suppose t = 4*z - 34 - 2. Calculate the remainder when z is divided by 5.
4
Let z(o) = o**3 - 5*o**2 + o + 2. Calculate the remainder when 11 is divided by z(5).
4
Suppose -5*h = 3*x - 89, -5*h + 4*x - 5*x = -93. What is the remainder when h is divided by 4?
3
Let a be -3 + (1 - (-1 + 19)). Let z = 38 + a. What is the remainder when 52 is divided by z?
16
Let i = 30 - -16. Let b = i - 30. Let l = 79 - 48. Calculate the remainder when l is divided by b.
15
Let i = 57 - 43. Calculate the remainder when 21 is divided by i.
7
Let z(p) = 6*p**2 + p - 2. Let h(g) = -7*g**2 - g + 2. Let s(u) = 5*h(u) + 6*z(u). Calculate the remainder when 35 is divided by s(4).
17
Let 